93316572 and 1052?
1052
What is the highest common factor of 180431285 and 255?
85
What is the greatest common factor of 1125092 and 524?
4
What is the highest common divisor of 448 and 955505600?
448
What is the highest common factor of 33103936 and 64?
64
Calculate the highest common divisor of 27272 and 68869592.
3896
Calculate the greatest common factor of 2876610 and 495.
165
Calculate the highest common factor of 299 and 97155149.
13
Calculate the highest common divisor of 61022 and 32552.
26
Calculate the highest common factor of 76751 and 10416907.
1633
What is the greatest common factor of 85441 and 32723?
43
What is the greatest common factor of 24 and 3284709276?
12
What is the greatest common factor of 6086 and 1057723?
17
What is the highest common divisor of 37102335 and 5805?
645
Calculate the greatest common factor of 11502180 and 18.
18
What is the greatest common factor of 375539750 and 31990?
4570
Calculate the highest common divisor of 94 and 10854274.
94
Calculate the greatest common factor of 3565 and 336257.
31
Calculate the highest common factor of 8360 and 3156340.
220
What is the highest common factor of 3770406 and 682?
62
What is the highest common divisor of 1162 and 3750082?
14
What is the highest common factor of 16 and 323476976?
16
What is the greatest common factor of 45 and 167145585?
15
What is the greatest common divisor of 136543375 and 6541?
6541
Calculate the greatest common divisor of 33881825 and 12950.
925
What is the greatest common factor of 30 and 867381?
3
What is the highest common divisor of 306910755 and 981?
981
Calculate the highest common divisor of 1110 and 16786715.
185
What is the greatest common factor of 2883 and 256401?
93
What is the highest common divisor of 334 and 518827417?
167
What is the highest common divisor of 45661374 and 4158?
594
What is the greatest common divisor of 562 and 4432213?
281
What is the greatest common divisor of 23569 and 2016742?
637
What is the highest common factor of 20501 and 1546207?
1079
What is the greatest common divisor of 323955780 and 180?
60
What is the greatest common divisor of 138621880 and 11080?
11080
Calculate the highest common divisor of 11018280 and 2040.
120
Calculate the greatest common factor of 28 and 2968595.
7
What is the highest common factor of 4583707 and 31984?
1999
What is the greatest common factor of 739266 and 110814?
1518
Calculate the greatest common divisor of 3215650 and 324850.
3650
Calculate the highest common divisor of 673 and 103707281.
673
Calculate the highest common divisor of 46030088 and 6408.
712
What is the greatest common divisor of 137524963 and 723?
241
What is the greatest common factor of 996 and 13185546?
498
Calculate the greatest common factor of 355107662 and 6188.
3094
What is the highest common divisor of 168 and 2028471?
3
Calculate the greatest common divisor of 483 and 20244140.
161
What is the greatest common factor of 5955496 and 2948?
268
What is the highest common factor of 14179951 and 159813?
1973
Calculate the highest common factor of 6388 and 160741244.
6388
Calculate the greatest common divisor of 376200 and 57.
57
What is the highest common factor of 30 and 14435502?
6
Calculate the greatest common factor of 3091055 and 68585.
2365
Calculate the highest common divisor of 72803 and 213709.
47
What is the highest common factor of 584 and 180088?
8
What is the highest common factor of 7403732 and 36134?
1246
What is the greatest common divisor of 8911266 and 912?
114
Calculate the highest common factor of 10382 and 2084992.
358
Calculate the highest common factor of 2040 and 29214993.
51
What is the greatest common divisor of 8251831 and 112?
7
Calculate the highest common divisor of 121869 and 4977.
9
Calculate the highest common divisor of 4398 and 5204300.
1466
What is the highest common factor of 48224 and 66?
22
Calculate the highest common factor of 237 and 2399072.
79
Calculate the greatest common factor of 135 and 48333060.
45
Calculate the highest common factor of 438 and 25752648.
438
Calculate the highest common divisor of 446154 and 36501.
69
What is the highest common divisor of 16891868 and 196?
196
What is the greatest common divisor of 3646841 and 45353?
209
What is the greatest common divisor of 60 and 16666800?
60
What is the greatest common divisor of 63 and 7450?
1
Calculate the highest common factor of 212 and 13179086.
106
What is the highest common factor of 44 and 59621507?
11
Calculate the greatest common divisor of 11025 and 207531954.
441
What is the highest common factor of 56 and 945?
7
What is the highest common divisor of 71190 and 14490?
630
Calculate the highest common divisor of 71775 and 29475.
225
Calculate the highest common factor of 9015 and 1232850.
15
What is the highest common factor of 136 and 6237232?
136
What is the highest common factor of 3561633 and 603?
9
Calculate the highest common factor of 416 and 1813604.
52
Calculate the greatest common factor of 7099274 and 4.
2
What is the greatest common divisor of 4134 and 911388?
318
What is the highest common divisor of 108 and 19518?
6
What is the highest common divisor of 1065903267 and 429?
429
What is the highest common factor of 37632 and 658266?
294
What is the highest common divisor of 7485078 and 11556?
642
What is the highest common factor of 6070 and 36107395?
3035
Calculate the greatest common divisor of 108024600 and 15.
15
Calculate the greatest common factor of 26243719 and 332807.
3431
Calculate the highest common divisor of 94653119 and 22.
11
Calculate the highest common divisor of 71585 and 6116.
139
What is the highest common divisor of 4 and 4040372?
4
Calculate the highest common factor of 20438579 and 1942.
971
Calculate the highest common factor of 65 and 2296295.
5
What is the highest common factor of 2520678 and 5287791?
7041
Calculate the highest common divisor of 1237490 and 190950.
670
What is the greatest common divisor of 608 and 203569632?
32
What is the greatest common factor of 57022 and 41594?
14
What is the highest common factor of 57304021 and 2221?
2221
What is the highest common factor of 27032115 and 330?
165
What is the greatest common factor of 19992 and 38424?
24
What is the highest common factor of 27077211 and 1071?
63
What is the greatest common factor of 113925 and 27280?
155
Calculate the greatest common divisor of 2118 and 11080317.
1059
Calculate the highest common factor of 5588895 and 2301.
39
Calculate the greatest common factor of 58098 and 3381.
69
Calculate the highest common divisor of 32 and 27088976.
16
What is the highest common factor of 387310 and 19558?
154
Calculate the greatest common divisor of 1144512 and 1984.
64
What is the highest common factor of 5488 and 9717092?
196
Calculate the highest common divisor of 313 and 108186259.
313
Calculate the greatest common factor of 105150 and 22050.
150
What is the highest common divisor of 224 and 18317362?
14
What is the highest common factor of 30709795 and 76?
19
What is the greatest common divisor of 84001332 and 2844?
948
Calculate the greatest common divisor of 8142708 and 11564.
1652
Calculate the greatest common divisor of 142996635 and 115.
115
Calculate the greatest common divisor of 435926 and 1568152.
422
Calculate the highest common factor of 600 and 66680600.
200
Calculate the highest common factor of 31961932 and 3626.
74
What is the greatest common factor of 12796510 and 23780?
410
Calculate the greatest common factor of 2946 and 62545053.
1473
Calculate the greatest common factor of 602796 and 12388260.
2292
Calculate the highest common factor of 105942 and 8724.
6
Calculate the greatest common divisor of 3783781 and 789.
263
What is the greatest common factor of 6291 and 235332?
27
What is the highest common factor of 39180251 and 99?
11
Calculate the highest common divisor of 146376 and 17855839.
2033
What is the greatest common factor of 384 and 73582752?
96
Calculate the highest common factor of 99886416 and 24.
24
Calculate the highest common factor of 2786 and 2273180.
14
What is the greatest common factor of 6375510 and 20?
10
Calculate the highest common divisor of 1122072 and 189.
21
Calculate the greatest common divisor of 9795640 and 72.
8
What is the gr